factors of 729.
3
List the prime factors of 1777.
1777
List the prime factors of 13980.
2, 3, 5, 233
What are the prime factors of 8926?
2, 4463
List the prime factors of 1381.
1381
List the prime factors of 5406.
2, 3, 17, 53
What are the prime factors of 3998?
2, 1999
What are the prime factors of 29757?
3, 7, 13, 109
What are the prime factors of 291?
3, 97
List the prime factors of 40.
2, 5
What are the prime factors of 23140?
2, 5, 13, 89
What are the prime factors of 38241?
3, 7, 607
What are the prime factors of 932?
2, 233
What are the prime factors of 146?
2, 73
What are the prime factors of 2502?
2, 3, 139
List the prime factors of 34083.
3, 7, 541
What are the prime factors of 434?
2, 7, 31
List the prime factors of 138.
2, 3, 23
List the prime factors of 1811.
1811
List the prime factors of 143326.
2, 71663
What are the prime factors of 584?
2, 73
List the prime factors of 130481.
13, 10037
What are the prime factors of 8188?
2, 23, 89
List the prime factors of 1981.
7, 283
List the prime factors of 9217.
13, 709
What are the prime factors of 1397?
11, 127
List the prime factors of 4432.
2, 277
What are the prime factors of 61429?
47, 1307
List the prime factors of 4916.
2, 1229
What are the prime factors of 1811?
1811
List the prime factors of 516.
2, 3, 43
List the prime factors of 1588.
2, 397
List the prime factors of 6699.
3, 7, 11, 29
List the prime factors of 2246.
2, 1123
List the prime factors of 2582.
2, 1291
What are the prime factors of 1696?
2, 53
What are the prime factors of 5129?
23, 223
List the prime factors of 2584.
2, 17, 19
List the prime factors of 7459.
7459
List the prime factors of 141.
3, 47
List the prime factors of 546.
2, 3, 7, 13
What are the prime factors of 69219?
3, 7691
List the prime factors of 3052.
2, 7, 109
List the prime factors of 43824.
2, 3, 11, 83
List the prime factors of 27861.
3, 37, 251
What are the prime factors of 124482?
2, 3, 20747
List the prime factors of 1227.
3, 409
What are the prime factors of 1149?
3, 383
What are the prime factors of 6155?
5, 1231
List the prime factors of 8640.
2, 3, 5
List the prime factors of 2062.
2, 1031
What are the prime factors of 114?
2, 3, 19
What are the prime factors of 490?
2, 5, 7
What are the prime factors of 57060?
2, 3, 5, 317
List the prime factors of 806.
2, 13, 31
List the prime factors of 5390.
2, 5, 7, 11
List the prime factors of 5910.
2, 3, 5, 197
List the prime factors of 37845.
3, 5, 29
List the prime factors of 31448.
2, 3931
What are the prime factors of 625?
5
What are the prime factors of 25616?
2, 1601
List the prime factors of 26760.
2, 3, 5, 223
What are the prime factors of 683?
683
List the prime factors of 24284.
2, 13, 467
List the prime factors of 2566.
2, 1283
List the prime factors of 9367.
17, 19, 29
List the prime factors of 854.
2, 7, 61
What are the prime factors of 48472?
2, 73, 83
List the prime factors of 11872.
2, 7, 53
What are the prime factors of 3529?
3529
What are the prime factors of 25562?
2, 12781
What are the prime factors of 2028?
2, 3, 13
List the prime factors of 50001.
3, 7, 2381
What are the prime factors of 96510?
2, 3, 5, 3217
What are the prime factors of 911?
911
What are the prime factors of 3983?
7, 569
What are the prime factors of 5382?
2, 3, 13, 23
What are the prime factors of 262?
2, 131
List the prime factors of 2556.
2, 3, 71
List the prime factors of 7334.
2, 19, 193
What are the prime factors of 5191?
29, 179
What are the prime factors of 3270?
2, 3, 5, 109
What are the prime factors of 261?
3, 29
What are the prime factors of 7506?
2, 3, 139
What are the prime factors of 4663?
4663
What are the prime factors of 862?
2, 431
What are the prime factors of 37812?
2, 3, 23, 137
What are the prime factors of 58691?
19, 3089
List the prime factors of 15737.
15737
What are the prime factors of 2342?
2, 1171
List the prime factors of 1832.
2, 229
What are the prime factors of 327?
3, 109
What are the prime factors of 166132?
2, 41, 1013
List the prime factors of 1780.
2, 5, 89
What are the prime factors of 7063?
7, 1009
List the prime factors of 259.
7, 37
List the prime factors of 9905.
5, 7, 283
What are the prime factors of 4123?
7, 19, 31
List the prime factors of 2112.
2, 3, 11
What are the prime factors of 18070?
2, 5, 13, 139
What are the prime factors of 8948?
2, 2237
What are the prime factors of 258?
2, 3, 43
What are the prime factors of 4033?
37, 109
List the prime factors of 63809.
63809
List the prime factors of 504.
2, 3, 7
What are the prime factors of 8858?
2, 43, 103
What are the prime factors of 1419?
3, 11, 43
What are the prime factors of 1098?
2, 3, 61
List the prime factors of 3045.
3, 5, 7, 29
List the prime factors of 1577.
19, 83
List the prime factors of 43817.
43, 1019
What are the prime factors of 6481?
6481
List the prime factors of 1573.
11, 13
List the prime factors of 41449.
181, 229
What are the prime factors of 888?
2, 3, 37
List the prime factors of 1530.
2, 3, 5, 17
What are the prime factors of 27?
3
List the prime factors of 744.
2, 3, 31
List the prime factors of 1875.
3, 5
List the prime factors of 33081.
3, 11027
What are the prime factors of 7586?
2, 3793
List the prime factors of 6406.
2, 3203
List the prime factors of 169883.
7, 3467
List the prime factors of 675.
3, 5
What are the prime factors of 2820?
2, 3, 5, 47
What are the prime factors of 2409?
3, 11, 73
What are the prime factors of 3183?
3, 1061
What are the prime factors of 2724?
2, 3, 227
What are the prime factors of 1821?
3, 607
List the prime factors of 485.
5, 97
List the prime factors of 2260.
2, 5, 113
What are the prime factors of 2829?
3, 23, 41
List the prime factors of 810.
2, 3, 5
What are the prime factors of 443?
443
List the prime factors of 751.
751
What are the prime factors of 6716?
2, 23, 73
List the prime factors of 1432.
2, 179
What are the prime factors of 109648?
2, 7, 11, 89
What are the prime factors of 4800?
2, 3, 5
What are the prime factors of 1285?
5, 257
What are the prime factors of 35706?
2, 3, 11, 541
What are the prime factors of 58177?
7, 8311
What are the prime factors of 6944?
2, 7, 31
List the prime factors of 81153.
3, 71, 127
What are the prime factors of 12396?
2, 3, 1033
What are the prime factors of 10599?
3, 3533
What are the prime factors of 2295?
3, 5, 17
List the prime factors of 1397.
11, 127
What are the prime factors of 150952?
2, 18869
List the prime factors of 1073.
29, 37
List the prime factors of 3945.
3, 5, 263
List the prime factors of 2199.
3, 733
What are the prime factors of 561?
3, 11, 17
List the prime factors of 2018.
2, 1009
List the prime factors of 2044.
2, 7, 73
What are the prime factors of 30400?
2, 5, 19
List the prime factors of 1907.
1907
What are the prime factors of 59664?
2, 3, 11, 113
What are the prime factors of 286?
2, 11, 13
What are the prime factors of 1375?
5, 11
List the prime factors of 3438.
2, 3, 191
List the prime factors of 1246.
2, 7, 89
List the prime factors of 1829.
31, 59
List the prime factors of 3181.
3181
What are the prime factors of 689?
13, 53
List the prime factors of 262.
2, 131
List the prime factors of 25.
5
List the prime factors of 18754.
2, 9377
What are the prime factors of 1193?
1193
What are the prime factors of 15106?
2, 7, 13, 83
What are the prime factors of 2766?
2, 3, 461
What are the prime factors of 466?
2, 233
What are the prime factors of 3421?
11, 311
List the prime factors of 17149.
11, 1559
List the prime factors of 209.
11, 19
What are the prime factors of 2892?
2, 3, 241
List the prime factors of 21542.
2, 10771
What are the prime factors of 2907?
3, 17, 19
What are the prime factors of 680?
2, 5, 17
List the prime factors of 724.
2, 181
List the prime factors of 1709.
1709
List the prime factors of 1252.
2, 313
What are the prime factors of 18019?
37, 487
What are the prime factors of 1617?
3, 7, 11
List the prime factors of 14981.
71, 211
List the prime factors of 1446.
2, 3, 241
List the prime factors of 9254.
2, 7, 661
What are the prime factors of 7699?
7699
What are the prime factors of 30045?
3, 5, 2003
List the prime factors of 1467.
3, 163
What are the prime factors of 6137?
17, 19
What are the prime factors of 6379?
6379
What are the prime factors of